{"id":727,"date":"2025-11-27T19:45:26","date_gmt":"2025-11-27T18:45:26","guid":{"rendered":"https:\/\/www.rawetzel.de\/wordpress-new\/?page_id=727"},"modified":"2026-02-01T14:31:39","modified_gmt":"2026-02-01T13:31:39","slug":"annabell-wetzel","status":"publish","type":"page","link":"https:\/\/www.rawetzel.de\/wordpress-new\/annabell-wetzel\/","title":{"rendered":"Annabell Wetzel"},"content":{"rendered":"\t\t<div data-elementor-type=\"wp-page\" data-elementor-id=\"727\" class=\"elementor elementor-727\" data-elementor-post-type=\"page\">\n\t\t\t\t<div class=\"elementor-element elementor-element-e948000 e-flex e-con-boxed e-con e-parent\" data-id=\"e948000\" data-element_type=\"container\" data-e-type=\"container\" data-settings=\"{&quot;background_background&quot;:&quot;classic&quot;}\">\n\t\t\t\t\t<div class=\"e-con-inner\">\n\t\t<div class=\"elementor-element elementor-element-28f9299 e-con-full e-flex e-con e-child\" data-id=\"28f9299\" data-element_type=\"container\" data-e-type=\"container\" data-settings=\"{&quot;background_background&quot;:&quot;classic&quot;}\">\n\t\t\t\t<div class=\"elementor-element elementor-element-4425920 elementor-widget elementor-widget-image\" data-id=\"4425920\" data-element_type=\"widget\" data-e-type=\"widget\" data-widget_type=\"image.default\">\n\t\t\t\t\t\t\t\t\t\t\t\t\t\t\t<img fetchpriority=\"high\" decoding=\"async\" width=\"1000\" height=\"813\" src=\"https:\/\/www.rawetzel.de\/wordpress-new\/wp-content\/uploads\/2025\/11\/annbell-wetzel-1.jpg\" class=\"attachment-full size-full wp-image-208\" alt=\"\" srcset=\"https:\/\/www.rawetzel.de\/wordpress-new\/wp-content\/uploads\/2025\/11\/annbell-wetzel-1.jpg 1000w, https:\/\/www.rawetzel.de\/wordpress-new\/wp-content\/uploads\/2025\/11\/annbell-wetzel-1-300x244.jpg 300w, https:\/\/www.rawetzel.de\/wordpress-new\/wp-content\/uploads\/2025\/11\/annbell-wetzel-1-768x624.jpg 768w\" sizes=\"(max-width: 1000px) 100vw, 1000px\" \/>\t\t\t\t\t\t\t\t\t\t\t\t\t\t\t<\/div>\n\t\t\t\t<\/div>\n\t\t<div class=\"elementor-element elementor-element-07b238b e-con-full e-flex e-con e-child\" data-id=\"07b238b\" data-element_type=\"container\" data-e-type=\"container\" data-settings=\"{&quot;background_background&quot;:&quot;classic&quot;}\">\n\t\t\t\t<div class=\"elementor-element elementor-element-c923444 elementor-widget elementor-widget-heading\" data-id=\"c923444\" data-element_type=\"widget\" data-e-type=\"widget\" data-widget_type=\"heading.default\">\n\t\t\t\t\t<h2 class=\"elementor-heading-title elementor-size-default\">REchtsanw\u00e4ltin<\/h2>\t\t\t\t<\/div>\n\t\t\t\t<div class=\"elementor-element elementor-element-75f9137 elementor-widget elementor-widget-heading\" data-id=\"75f9137\" data-element_type=\"widget\" data-e-type=\"widget\" data-widget_type=\"heading.default\">\n\t\t\t\t\t<h2 class=\"elementor-heading-title elementor-size-default\">Annabell Wetzel<\/h2>\t\t\t\t<\/div>\n\t\t\t\t<div class=\"elementor-element elementor-element-46afe6c elementor-widget elementor-widget-heading\" data-id=\"46afe6c\" data-element_type=\"widget\" data-e-type=\"widget\" data-widget_type=\"heading.default\">\n\t\t\t\t\t<h2 class=\"elementor-heading-title elementor-size-default\">Erbrecht &amp;<\/h2>\t\t\t\t<\/div>\n\t\t\t\t<div class=\"elementor-element elementor-element-8e20cb2 elementor-widget elementor-widget-heading\" data-id=\"8e20cb2\" data-element_type=\"widget\" data-e-type=\"widget\" data-widget_type=\"heading.default\">\n\t\t\t\t\t<h2 class=\"elementor-heading-title elementor-size-default\">allgemeines Zivilrecht<\/h2>\t\t\t\t<\/div>\n\t\t\t\t<div class=\"elementor-element elementor-element-8d44f06 elementor-widget elementor-widget-spacer\" data-id=\"8d44f06\" data-element_type=\"widget\" data-e-type=\"widget\" data-widget_type=\"spacer.default\">\n\t\t\t\t\t\t\t<div class=\"elementor-spacer\">\n\t\t\t<div class=\"elementor-spacer-inner\"><\/div>\n\t\t<\/div>\n\t\t\t\t\t\t<\/div>\n\t\t\t\t<\/div>\n\t\t\t\t\t<\/div>\n\t\t\t\t<\/div>\n\t\t<div class=\"elementor-element elementor-element-e022f36 e-flex e-con-boxed e-con e-parent\" data-id=\"e022f36\" data-element_type=\"container\" data-e-type=\"container\" data-settings=\"{&quot;background_background&quot;:&quot;classic&quot;}\">\n\t\t\t\t\t<div class=\"e-con-inner\">\n\t\t<div class=\"elementor-element elementor-element-0bb319c e-con-full e-flex e-con e-child\" data-id=\"0bb319c\" data-element_type=\"container\" data-e-type=\"container\" data-settings=\"{&quot;background_background&quot;:&quot;classic&quot;}\">\n\t\t\t\t<div class=\"elementor-element elementor-element-0ced7e4 elementor-widget elementor-widget-heading\" data-id=\"0ced7e4\" data-element_type=\"widget\" data-e-type=\"widget\" data-widget_type=\"heading.default\">\n\t\t\t\t\t<h2 class=\"elementor-heading-title elementor-size-default\">AUfgabe<\/h2>\t\t\t\t<\/div>\n\t\t\t\t<div class=\"elementor-element elementor-element-f602192 elementor-widget elementor-widget-spacer\" data-id=\"f602192\" data-element_type=\"widget\" data-e-type=\"widget\" data-widget_type=\"spacer.default\">\n\t\t\t\t\t\t\t<div class=\"elementor-spacer\">\n\t\t\t<div class=\"elementor-spacer-inner\"><\/div>\n\t\t<\/div>\n\t\t\t\t\t\t<\/div>\n\t\t\t\t<div class=\"elementor-element elementor-element-f5ef376 elementor-widget elementor-widget-text-editor\" data-id=\"f5ef376\" data-element_type=\"widget\" data-e-type=\"widget\" data-widget_type=\"text-editor.default\">\n\t\t\t\t\t\t\t\t\t<p>Ich sehe es als meine Aufgabe, Themen wie Alter, Krankheit, Tod und Trauer offen anzusprechen.\u00a0Sie geh\u00f6ren zum Leben \u2013 und verdienen Klarheit, W\u00fcrde und Rechtssicherheit.<\/p><p>Ich verbinde juristische St\u00e4rke mit Empathie und gebe Orientierung in Lebenssituationen, die vieles ver\u00e4ndern k\u00f6nnen.<\/p>\t\t\t\t\t\t\t\t<\/div>\n\t\t\t\t<\/div>\n\t\t<div class=\"elementor-element elementor-element-4dec9c9 e-con-full e-flex e-con e-child\" data-id=\"4dec9c9\" data-element_type=\"container\" data-e-type=\"container\" data-settings=\"{&quot;background_background&quot;:&quot;classic&quot;}\">\n\t\t\t\t<div class=\"elementor-element elementor-element-67f6b3b elementor-widget elementor-widget-text-editor\" data-id=\"67f6b3b\" data-element_type=\"widget\" data-e-type=\"widget\" data-widget_type=\"text-editor.default\">\n\t\t\t\t\t\t\t\t\t<p>Mein beruflicher Weg als Volljuristin und Rechtsanw\u00e4ltin ist pers\u00f6nlich gepr\u00e4gt:<\/p><p>Als ich Anfang 2025 die Kanzlei meines Vaters, Dr. Hans-Peter Wetzel, \u00fcbernahm, war er bereits schwer erkrankt. Kurz darauf ist er verstorben.<\/p><p>Zuvor durfte ich mehrere Jahre mit ihm zusammenarbeiten und von ihm lernen, was juristische Verantwortung bedeutet \u2013 zuh\u00f6ren, abw\u00e4gen, entscheiden. Diese Erfahrung hat meine Haltung als Anw\u00e4ltin entscheidend gepr\u00e4gt.<\/p>\t\t\t\t\t\t\t\t<\/div>\n\t\t\t\t<\/div>\n\t\t\t\t\t<\/div>\n\t\t\t\t<\/div>\n\t\t<div class=\"elementor-element elementor-element-76500ec e-flex e-con-boxed e-con e-parent\" data-id=\"76500ec\" data-element_type=\"container\" data-e-type=\"container\" data-settings=\"{&quot;background_background&quot;:&quot;classic&quot;}\">\n\t\t\t\t\t<div class=\"e-con-inner\">\n\t\t<div class=\"elementor-element elementor-element-409fbfd e-con-full e-flex e-con e-child\" data-id=\"409fbfd\" data-element_type=\"container\" data-e-type=\"container\" data-settings=\"{&quot;background_background&quot;:&quot;classic&quot;}\">\n\t\t\t\t<div class=\"elementor-element elementor-element-33539e9 elementor-widget elementor-widget-heading\" data-id=\"33539e9\" data-element_type=\"widget\" data-e-type=\"widget\" data-widget_type=\"heading.default\">\n\t\t\t\t\t<h2 class=\"elementor-heading-title elementor-size-default\">T\u00e4tigkeitsschwerpunkte<\/h2>\t\t\t\t<\/div>\n\t\t\t\t<div class=\"elementor-element elementor-element-8c802ae elementor-widget elementor-widget-spacer\" data-id=\"8c802ae\" data-element_type=\"widget\" data-e-type=\"widget\" data-widget_type=\"spacer.default\">\n\t\t\t\t\t\t\t<div class=\"elementor-spacer\">\n\t\t\t<div class=\"elementor-spacer-inner\"><\/div>\n\t\t<\/div>\n\t\t\t\t\t\t<\/div>\n\t\t\t\t<div class=\"elementor-element elementor-element-5a45b9a elementor-widget elementor-widget-text-editor\" data-id=\"5a45b9a\" data-element_type=\"widget\" data-e-type=\"widget\" data-widget_type=\"text-editor.default\">\n\t\t\t\t\t\t\t\t\t<ul><li>Erbrecht<\/li><li>Testamentsberatung und -gestaltung<\/li><li>Gestaltung von Vorsorgevollmachten und Patientenverf\u00fcgungen<\/li><li>Beratung und Vertretung zum Thema Vorsorge- &amp; Generalvollmacht<\/li><li>Allgemeines Zivilrecht<\/li><\/ul>\t\t\t\t\t\t\t\t<\/div>\n\t\t\t\t<\/div>\n\t\t<div class=\"elementor-element elementor-element-7cc8039 e-con-full e-flex e-con e-child\" data-id=\"7cc8039\" data-element_type=\"container\" data-e-type=\"container\" data-settings=\"{&quot;background_background&quot;:&quot;classic&quot;}\">\n\t\t\t\t<div class=\"elementor-element elementor-element-a236ee4 elementor-widget elementor-widget-heading\" data-id=\"a236ee4\" data-element_type=\"widget\" data-e-type=\"widget\" data-widget_type=\"heading.default\">\n\t\t\t\t\t<h2 class=\"elementor-heading-title elementor-size-default\">Vita<\/h2>\t\t\t\t<\/div>\n\t\t\t\t<div class=\"elementor-element elementor-element-518decd elementor-widget elementor-widget-spacer\" data-id=\"518decd\" data-element_type=\"widget\" data-e-type=\"widget\" data-widget_type=\"spacer.default\">\n\t\t\t\t\t\t\t<div class=\"elementor-spacer\">\n\t\t\t<div class=\"elementor-spacer-inner\"><\/div>\n\t\t<\/div>\n\t\t\t\t\t\t<\/div>\n\t\t\t\t<div class=\"elementor-element elementor-element-9fea6c0 elementor-widget elementor-widget-text-editor\" data-id=\"9fea6c0\" data-element_type=\"widget\" data-e-type=\"widget\" data-widget_type=\"text-editor.default\">\n\t\t\t\t\t\t\t\t\t<ul><li>Studium der Rechtswissenschaften an den Universit\u00e4ten Regensburg und Konstanz sowie an der Universit\u00e9 Paris Cit\u00e9<\/li><li>Rechtsreferendarin am Landgericht Konstanz absolviert u.a. bei der Staatsanwaltschaft Konstanz im Bereich Wirtschaftskriminalit\u00e4t, sowie in einer Insolvenzrechtskanzlei in den USA Honolulu\/Hawaii<\/li><li>Dozentin an der HTWG Konstanz Studiengang Wirtschaftsrecht<\/li><\/ul>\t\t\t\t\t\t\t\t<\/div>\n\t\t\t\t<div class=\"elementor-element elementor-element-77490a5 elementor-widget elementor-widget-spacer\" data-id=\"77490a5\" data-element_type=\"widget\" data-e-type=\"widget\" data-widget_type=\"spacer.default\">\n\t\t\t\t\t\t\t<div class=\"elementor-spacer\">\n\t\t\t<div class=\"elementor-spacer-inner\"><\/div>\n\t\t<\/div>\n\t\t\t\t\t\t<\/div>\n\t\t\t\t<div class=\"elementor-element elementor-element-da33641 elementor-widget elementor-widget-spacer\" data-id=\"da33641\" data-element_type=\"widget\" data-e-type=\"widget\" data-widget_type=\"spacer.default\">\n\t\t\t\t\t\t\t<div class=\"elementor-spacer\">\n\t\t\t<div class=\"elementor-spacer-inner\"><\/div>\n\t\t<\/div>\n\t\t\t\t\t\t<\/div>\n\t\t\t\t<\/div>\n\t\t\t\t\t<\/div>\n\t\t\t\t<\/div>\n\t\t<div class=\"elementor-element elementor-element-8fd6779 e-flex e-con-boxed e-con e-parent\" data-id=\"8fd6779\" data-element_type=\"container\" data-e-type=\"container\" data-settings=\"{&quot;background_background&quot;:&quot;classic&quot;}\">\n\t\t\t\t\t<div class=\"e-con-inner\">\n\t\t<div class=\"elementor-element elementor-element-a16898e e-con-full e-flex e-con e-child\" data-id=\"a16898e\" data-element_type=\"container\" data-e-type=\"container\" data-settings=\"{&quot;background_background&quot;:&quot;classic&quot;}\">\n\t\t\t\t<div class=\"elementor-element elementor-element-aaf32f0 elementor-widget elementor-widget-heading\" data-id=\"aaf32f0\" data-element_type=\"widget\" data-e-type=\"widget\" data-widget_type=\"heading.default\">\n\t\t\t\t\t<h2 class=\"elementor-heading-title elementor-size-default\">Mitgliedschaften<\/h2>\t\t\t\t<\/div>\n\t\t\t\t<div class=\"elementor-element elementor-element-68ef2ac elementor-widget elementor-widget-spacer\" data-id=\"68ef2ac\" data-element_type=\"widget\" data-e-type=\"widget\" data-widget_type=\"spacer.default\">\n\t\t\t\t\t\t\t<div class=\"elementor-spacer\">\n\t\t\t<div class=\"elementor-spacer-inner\"><\/div>\n\t\t<\/div>\n\t\t\t\t\t\t<\/div>\n\t\t\t\t<div class=\"elementor-element elementor-element-ac77b8d elementor-widget elementor-widget-text-editor\" data-id=\"ac77b8d\" data-element_type=\"widget\" data-e-type=\"widget\" data-widget_type=\"text-editor.default\">\n\t\t\t\t\t\t\t\t\t<ul><li><a href=\"https:\/\/anwaltauskunft.de\/magazin\" target=\"_blank\" rel=\"noopener\"><strong><em>Deu<\/em>tscher Anwaltverein (DAV)<\/strong><\/a><\/li><li>Arbeitsgemeinschaft FORUM Junge Anwaltschaft im Deutschen Anwalterverein<\/li><li><a href=\"https:\/\/www.anwaltverein-konstanz.de\/kliebisch.htm\" target=\"_blank\" rel=\"noopener\"><strong>Anwaltverein im Landgerichtsbezirk Konstanz e.V.<\/strong><\/a><\/li><li>Wirtschaftsverband \u00dcberlingen (WV\u00dc)\u201c<\/li><\/ul>\t\t\t\t\t\t\t\t<\/div>\n\t\t\t\t<\/div>\n\t\t<div class=\"elementor-element elementor-element-bc0f9cf e-con-full e-flex e-con e-child\" data-id=\"bc0f9cf\" data-element_type=\"container\" data-e-type=\"container\" data-settings=\"{&quot;background_background&quot;:&quot;classic&quot;}\">\n\t\t\t\t<div class=\"elementor-element elementor-element-5091ce9 elementor-widget elementor-widget-image\" data-id=\"5091ce9\" data-element_type=\"widget\" data-e-type=\"widget\" data-widget_type=\"image.default\">\n\t\t\t\t\t\t\t\t\t\t\t\t\t\t\t<img decoding=\"async\" width=\"800\" height=\"650\" src=\"https:\/\/www.rawetzel.de\/wordpress-new\/wp-content\/uploads\/2025\/11\/mitgliedschaften.jpg\" class=\"attachment-large size-large wp-image-735\" alt=\"\" srcset=\"https:\/\/www.rawetzel.de\/wordpress-new\/wp-content\/uploads\/2025\/11\/mitgliedschaften.jpg 1000w, https:\/\/www.rawetzel.de\/wordpress-new\/wp-content\/uploads\/2025\/11\/mitgliedschaften-300x244.jpg 300w, https:\/\/www.rawetzel.de\/wordpress-new\/wp-content\/uploads\/2025\/11\/mitgliedschaften-768x624.jpg 768w\" sizes=\"(max-width: 800px) 100vw, 800px\" \/>\t\t\t\t\t\t\t\t\t\t\t\t\t\t\t<\/div>\n\t\t\t\t<div class=\"elementor-element elementor-element-f4ea8a2 elementor-widget elementor-widget-spacer\" data-id=\"f4ea8a2\" data-element_type=\"widget\" data-e-type=\"widget\" data-widget_type=\"spacer.default\">\n\t\t\t\t\t\t\t<div class=\"elementor-spacer\">\n\t\t\t<div class=\"elementor-spacer-inner\"><\/div>\n\t\t<\/div>\n\t\t\t\t\t\t<\/div>\n\t\t\t\t<div class=\"elementor-element elementor-element-d6740c6 elementor-widget elementor-widget-spacer\" data-id=\"d6740c6\" data-element_type=\"widget\" data-e-type=\"widget\" data-widget_type=\"spacer.default\">\n\t\t\t\t\t\t\t<div class=\"elementor-spacer\">\n\t\t\t<div class=\"elementor-spacer-inner\"><\/div>\n\t\t<\/div>\n\t\t\t\t\t\t<\/div>\n\t\t\t\t<div class=\"elementor-element elementor-element-03cceb8 elementor-widget elementor-widget-spacer\" data-id=\"03cceb8\" data-element_type=\"widget\" data-e-type=\"widget\" data-widget_type=\"spacer.default\">\n\t\t\t\t\t\t\t<div class=\"elementor-spacer\">\n\t\t\t<div class=\"elementor-spacer-inner\"><\/div>\n\t\t<\/div>\n\t\t\t\t\t\t<\/div>\n\t\t\t\t<\/div>\n\t\t\t\t\t<\/div>\n\t\t\t\t<\/div>\n\t\t<div class=\"elementor-element elementor-element-e39184c e-flex e-con-boxed e-con e-parent\" data-id=\"e39184c\" data-element_type=\"container\" data-e-type=\"container\" data-settings=\"{&quot;background_background&quot;:&quot;classic&quot;}\">\n\t\t\t\t\t<div class=\"e-con-inner\">\n\t\t<div class=\"elementor-element elementor-element-cbee679 e-flex e-con-boxed e-con e-child\" data-id=\"cbee679\" data-element_type=\"container\" data-e-type=\"container\" data-settings=\"{&quot;background_background&quot;:&quot;classic&quot;}\">\n\t\t\t\t\t<div class=\"e-con-inner\">\n\t\t<div class=\"elementor-element elementor-element-206e783 e-con-full e-flex e-con e-child\" data-id=\"206e783\" data-element_type=\"container\" data-e-type=\"container\" data-settings=\"{&quot;background_background&quot;:&quot;classic&quot;}\">\n\t\t\t\t<div class=\"elementor-element elementor-element-76796d3 elementor-widget__width-initial elementor-widget elementor-widget-heading\" data-id=\"76796d3\" data-element_type=\"widget\" data-e-type=\"widget\" data-widget_type=\"heading.default\">\n\t\t\t\t\t<h2 class=\"elementor-heading-title elementor-size-default\">Viele Konflikte lassen sich vermeiden, wenn fr\u00fchzeitig Vorsorge getroffen wird.<\/h2>\t\t\t\t<\/div>\n\t\t\t\t<\/div>\n\t\t\t\t\t<\/div>\n\t\t\t\t<\/div>\n\t\t\t\t\t<\/div>\n\t\t\t\t<\/div>\n\t\t\t\t<\/div>\n\t\t","protected":false},"excerpt":{"rendered":"<p>REchtsanw\u00e4ltin Annabell Wetzel Erbrecht &amp; allgemeines Zivilrecht AUfgabe Ich sehe es als meine Aufgabe, Themen wie Alter, Krankheit, Tod und Trauer offen anzusprechen.\u00a0Sie geh\u00f6ren zum Leben \u2013 und verdienen Klarheit, W\u00fcrde und Rechtssicherheit. Ich verbinde juristische St\u00e4rke mit Empathie und gebe Orientierung in Lebenssituationen, die vieles ver\u00e4ndern k\u00f6nnen. Mein beruflicher Weg als Volljuristin und Rechtsanw\u00e4ltin [&hellip;]<\/p>\n","protected":false},"author":1,"featured_media":22,"parent":0,"menu_order":0,"comment_status":"closed","ping_status":"closed","template":"elementor_header_footer","meta":{"footnotes":""},"class_list":["post-727","page","type-page","status-publish","has-post-thumbnail","hentry"],"_links":{"self":[{"href":"https:\/\/www.rawetzel.de\/wordpress-new\/wp-json\/wp\/v2\/pages\/727","targetHints":{"allow":["GET"]}}],"collection":[{"href":"https:\/\/www.rawetzel.de\/wordpress-new\/wp-json\/wp\/v2\/pages"}],"about":[{"href":"https:\/\/www.rawetzel.de\/wordpress-new\/wp-json\/wp\/v2\/types\/page"}],"author":[{"embeddable":true,"href":"https:\/\/www.rawetzel.de\/wordpress-new\/wp-json\/wp\/v2\/users\/1"}],"replies":[{"embeddable":true,"href":"https:\/\/www.rawetzel.de\/wordpress-new\/wp-json\/wp\/v2\/comments?post=727"}],"version-history":[{"count":50,"href":"https:\/\/www.rawetzel.de\/wordpress-new\/wp-json\/wp\/v2\/pages\/727\/revisions"}],"predecessor-version":[{"id":978,"href":"https:\/\/www.rawetzel.de\/wordpress-new\/wp-json\/wp\/v2\/pages\/727\/revisions\/978"}],"wp:featuredmedia":[{"embeddable":true,"href":"https:\/\/www.rawetzel.de\/wordpress-new\/wp-json\/wp\/v2\/media\/22"}],"wp:attachment":[{"href":"https:\/\/www.rawetzel.de\/wordpress-new\/wp-json\/wp\/v2\/media?parent=727"}],"curies":[{"name":"wp","href":"https:\/\/api.w.org\/{rel}","templated":true}]}}